= 3*f. What is the units digit of n?
3
Let d = -7 + 10. Suppose 4*t - 209 = -d*l, t - 5*l = -0*l + 35. Suppose -4*u + t = u. What is the units digit of u?
0
Let r(p) = p**2 - p - 4. Let a be r(-3). Let o = 10 + -5. Let w = a - o. What is the units digit of w?
3
Let a(d) = d**3 + 3*d**2 - 3*d - 4. Let w be a(-3). Suppose 3*t + 2*i + 5 = 37, t + w*i - 2 = 0. What is the tens digit of t?
1
Suppose 2*a + 9 = -a. Let w(y) be the third derivative of y**5/60 - 2*y**3/3 - 3*y**2. What is the units digit of w(a)?
5
Suppose 3*f - 2*s - s - 96 = 0, 0 = 3*f + 4*s - 82. Let x = -16 + f. Suppose 2*p - 4*t + x = 60, 0 = -5*p - 4*t + 73. What is the tens digit of p?
1
Let l(y) = -y - 3. Suppose h - 7 = -x, 3*h = -4*x + 6 + 18. Suppose -15 - 1 = h*s. What is the units digit of l(s)?
1
Let l(x) = x**2 + 3*x - 1. Let p be l(-4). Suppose 0 = -f + h + 9, 27 = 5*f + p*h + h. What is the units digit of f?
7
Let c(d) be the second derivative of 3*d**3/2 - d**2/2 - d. Let w be c(1). Let i = w + -6. What is the units digit of i?
2
Let v(y) = y - 3. Let h(k) = -k**3 + 6*k**2 + 8*k - 2. Let z be h(7). Let a be v(z). Suppose 0 = s + a - 12. What is the units digit of s?
0
Suppose -83 - 37 = -2*y. Suppose 2*z + y = 5*x, 39 = x - z + 6*z. What is the units digit of x?
4
Suppose 2*u - 78 = -o + 22, u - 2*o = 45. What is the tens digit of u?
4
What is the tens digit of 39 + 3*2/(-6)?
3
Let f(q) = q**2 + 5*q - 8. Let y be f(-6). Let w(p) be the third derivative of p**6/120 + p**5/20 - p**3/3 - 4*p**2. What is the units digit of w(y)?
2
Suppose -o + 3*o = -s + 485, -4*s - 744 = -3*o. Suppose 0 = 5*x + 4*l - o, -x + 2*l - 6*l + 36 = 0. What is the units digit of x?
2
Let g = 19 - 9. Suppose -3*a = -20 - g. What is the tens digit of a?
1
Let q = -8 + 31. What is the tens digit of q?
2
Suppose -20 = -5*k + k. What is the units digit of k?
5
Suppose 170*h + 126 = 172*h. What is the tens digit of h?
6
Let q = 5 + 2. Suppose -y = 4*c - 109, -c - 2*y + 29 = q. What is the tens digit of c?
2
Suppose 0*b + 5 = 5*b. Let d = 10 + b. What is the tens digit of d?
1
Let n = 44 - 23. What is the tens digit of n?
2
Suppose 17 = 5*r - 68. Suppose -62 = -5*i - w + r, -3*w = -3*i + 33. What is the tens digit of i?
1
Let m = -27 + 59. Suppose -m = -5*h + 3*h. What is the units digit of h?
6
What is the units digit of (-1*176)/(-4) + 3?
7
Let z(o) = o**3 - 4*o**2 - o + 5. Suppose 4*l - 12 = 2*l. Let f = l + -2. What is the units digit of z(f)?
1
Suppose 2*i - 7 = 1. Suppose -x - i = -2*x. Suppose -x*w = 1 - 37. What is the units digit of w?
9
Suppose s = 2*s - 9. Suppose 0 = b - 14 - s. What is the units digit of b?
3
Suppose -v - q = 1 - 5, 4*v - 16 = 3*q. Suppose v*u - 12 = -4*a, -3 = 5*a - 5*u + u. Suppose 2*n - 3 = a. What is the units digit of n?
2
Suppose 2*f + 4*h - 14 = -0*h, 2*h + 48 = 4*f. Suppose j + 0*j - 29 = 0. Let m = j - f. What is the tens digit of m?
1
Let n(b) = 2*b + 3. Let z be n(10). Let k = z - -11. Suppose 5*a = -v + 33, -4*v + a + k = 7. What is the units digit of v?
8
Let i(p) = -p**2 - 13*p - 13. What is the units digit of i(-11)?
9
Let s(z) be the third derivative of z**5/20 - z**4/24 - z**3/6 - z**2. Suppose 3*g + 10 = -d + g, -5*d - 5*g - 30 = 0. What is the units digit of s(d)?
3
Suppose 17*c + 165 = 20*c. What is the units digit of c?
5
Suppose 0 = 14*j - 19*j - 295. Let b = j - -83. What is the units digit of b?
4
Suppose -3*n + 0 = -6. Let r = n + 18. What is the units digit of ((-6)/(-4))/(5/r)?
6
Suppose 6*h - 4*b - 6 = 3*h, 2*b = 0. Suppose h*i - 30 = 8. Let t = -7 + i. What is the tens digit of t?
1
Suppose s - 1 = -5, -s = -3*k + 64. Suppose -4*m + v = -k, -2*m = -4*m + v + 12. Suppose m = t + 2*r, r = t - 0*t - 16. What is the units digit of t?
2
Suppose -3*q + 518 = -364. Suppose -q = g - 8*g. What is the units digit of g?
2
Let z(f) = -2*f**3 - 4*f**2 - 2*f + 2. Let j(a) = a**3 - 4*a**2 + a + 4. Let n be j(3). Let s be z(n). Let d = 11 - s. What is the units digit of d?
5
Let u(s) = s**3 - 8*s**2 + 9*s - 1. Let r be u(7). What is the units digit of -2 + (-1 + r - 4)?
6
Let k(q) = -4*q. Let o be k(-3). Let j be (-10)/4*o/(-15). Suppose j*f = -2*p + 38, -1 - 3 = -4*p. What is the tens digit of f?
1
Let o(v) = -v**3 - 5*v**2 - 3*v - 1. Let t be o(-4). Suppose -2*z + 3*r + 32 = 0, z + 2*r - r - 6 = 0. Let h = t + z. What is the units digit of h?
5
Suppose 2*d - 59 = 3*f, -2*f + 195 = 2*d + 3*d. What is the units digit of d?
7
Let k(s) = -s - 7. Let g be k(-10). Suppose -2*u + g*u - 8 = 0. What is the units digit of u?
8
Let i(d) = 2*d**2 - d**2 - d + 1 + 1. Suppose -3*k + k = -8. What is the tens digit of i(k)?
1
Suppose -3*m - 5*b = 26, 5*m + 31 + 1 = 3*b. Let s = m + 9. What is the units digit of s?
2
Let j be 2/10 + 72/15. Suppose 0 = -o + a + j, -o - 5*a - 17 = -4. Let h = o + 5. What is the units digit of h?
7
Suppose 0 = 5*p + 1 + 209. Let d = p - -72. What is the tens digit of d?
3
Let j(f) = -f**2 - 8*f - 4. Suppose 2*x - a = 5*x + 20, 4*x + 5*a + 45 = 0. What is the units digit of j(x)?
1
Suppose -4*z - 9 - 3 = 0. Let u be 1/2*-2 - z. Suppose -4*t + u*t + 2 = 0. What is the units digit of t?
1
Let g(j) = -7 + 4*j**2 + 0 + j**3 + 3 - 3*j. Let v be g(-4). What is the tens digit of 94/v + 3/(-4)?
1
Let l = -45 + 26. Let g = l + 33. Let m = -3 + g. What is the tens digit of m?
1
Suppose 0 = -r + 3*y - 18, 0*y = 4*y. What is the tens digit of (92/6)/((-12)/r)?
2
Let b(g) be the first derivative of -g**4/4 + 2*g**3/3 + 39*g + 7. What is the units digit of b(0)?
9
Suppose -4*x + 466 = 82. What is the units digit of x?
6
Let i(v) = 1 + 4 + v**3 - 5*v**2 - 6 + 5*v. Let l be i(5). Suppose 2*s + k + 32 = 6*s, 4*k = 3*s - l. What is the units digit of s?
8
Suppose -63*v = -60*v - 120. What is the tens digit of v?
4
Let r(k) = k**3 + k**2 - k + 5. Let q be r(0). Suppose -4*p + 11 + 17 = q*l, 5*l - 40 = -5*p. What is the tens digit of p?
1
Suppose u - 19 = -4*f, 2*u = -4*f + 26 + 8. What is the tens digit of u?
1
Let b(v) = 11*v + 37. What is the hundreds digit of b(8)?
1
What is the tens digit of (-198)/4*((-16)/(-12) - 2)?
3
Let p(y) = -y**2 + 9*y - 6. Let a be p(7). Suppose 5*v - 4*i = -0*v - 6, 2*i = 4*v + 6. Let k = a + v. What is the units digit of k?
6
Let l = 8 + -5. What is the tens digit of (32/6)/(1/l)?
1
Suppose 2*b - 184 = -5*z, -b + 74 = 5*z - 3*z. What is the tens digit of z?
3
Let f(p) be the third derivative of -p**5/60 + 3*p**4/8 - 7*p**3/6 - 2*p**2. Let j = -10 - -17. What is the units digit of f(j)?
7
Let s(m) = -m**3 - 6*m**2 + 8*m + 10. Let k be s(-7). Let g = 6 + k. What is the units digit of g?
9
Let a = -5 - -2. Let f = a + 6. Suppose -f*d - 30 = -8*d. What is the units digit of d?
6
Let z be 4/(-12) - 3/(-9). Suppose 0 = 4*o - z*o - 20. What is the units digit of o?
5
Suppose 5*b = 8*b - 123. What is the units digit of b?
1
Suppose -5*o - 4*c = -38, 5*o + 0*c = 3*c + 24. Suppose -4*k + 2 = o. Let m = 3 + k. What is the units digit of m?
2
Let g = 5 - 2. Suppose p + 45 = w + g*p, 3*w + 3*p - 126 = 0. Suppose -3*a + w = 4*c, 4*a + c + c = 42. What is the units digit of a?
9
Let y(u) = 2*u**2 + 41*u + 14. What is the units digit of y(-21)?
5
Let l(u) = -u**3 - 7*u**2 - 7*u - 5. Let j be l(-6). Let n = j + 5. Let m = 8 - n. What is the units digit of m?
2
Let o(f) = -2*f + 2 + 5*f + 1 - f**2. What is the units digit of o(3)?
3
What is the units digit of (42/15)/((-1)/10)*-3?
4
Let x = 62 + 22. What is the tens digit of x?
8
Let d = 38 + -18. Suppose -d = -2*q - 3*q. Suppose x = -q*y + 19, -5*x + 23 = -0*y - 4*y. What is the units digit of x?
7
Let o = 75 - 49. What is the tens digit of o?
2
Let l = 0 + 0. Suppose l*j + 9 = -3*j. Let p(a) = a**2 + 2*a + 2. What is the units digit of p(j)?
5
Let b(k) be the first derivative of k**3/3 - 2*k**2 - 5*k - 9. What is the tens digit of b(-4)?
2
Let u be (-6)/8*(3 - -1). Let d = -3 - u. Suppose 4*s - 42 = 3*b, d*b - b = -s + 10. What is the units digit of s?
2
Suppose -276 = 3*k - 0*k. What is the tens digit of k/(-6) - 10/(-15)?
1
Let q = 1 + 3. Suppose 2 - q = -2*n. What is the units digit of n?
1
Suppose -6 - 2 = -4*z. Let q = z - 0. What is the units digit of q?
2
Let u(t) = t**2 + 6*t. Let m be (-8)/(-20) - 36/(-10). Suppose -n - m*n - 35 = 0. What is the units digit of u(n)?
7
Let q be 6*(171/